{"id":286,"date":"2018-04-02T15:39:00","date_gmt":"2018-04-02T15:39:00","guid":{"rendered":"http:\/\/erik.hr\/ec-wordpress\/?page_id=286"},"modified":"2018-04-23T18:41:06","modified_gmt":"2018-04-23T18:41:06","slug":"o-nama","status":"publish","type":"page","link":"https:\/\/erik.hr\/?page_id=286","title":{"rendered":"O nama"},"content":{"rendered":"<p>Poduze\u0107e ERIK COMPANY d.o.o. je osnovano 2018. godine kao nadogradnja 40-godi\u0161njeg poslovanja obrta ERIK.<br \/>\nPrvenstveno se bavimo\u00a0proizvodnjom specijalnih elektri\u010dnih grija\u010da.<br \/>\nOsim proizvodnje grija\u010da prema uzorku ili tehni\u010dkoj dokumentaciji nastojimo davati sugestije u tehni\u010dkim rje\u0161enjima prema novim tehnolo\u0161kim dostignu\u0107ima.<br \/>\n<span style=\"text-indent: 0em;\">Dugogodi\u0161njim iskustvom i kvalitetom zadovoljavamo zahtjeve na\u0161ih kupaca.<br \/>\n<\/span><span style=\"text-indent: 0em;\">Orijentirani smo na stalne kupce na doma\u0107em i inozemnom tr\u017ei\u0161tu (vi\u0161e od 100 subjekata) me\u0111u kojima posebno izdvajamo:<\/span><span style=\"text-indent: 0em;\"><br \/>\n<\/span><\/p>\n<p>AQUAFILCRO d.o.o.<br \/>\nCarrier K\u00e4ltetechnik Austria Ges.m.b.H.<br \/>\nELEKTRODA ZAGREB d.d.<br \/>\nELKA KABELI d.o.o.<br \/>\nHS PRODUKT d.o.o.<br \/>\nKON\u010cAR &#8211; Generatori i motori d.d.<br \/>\nKON\u010cAR &#8211; Distributivni i specijalni transformatori d.d.<br \/>\nMESSER CROATIA PLIN d.o.o.<br \/>\nMPD TVORNICA PUMPI d.d.<br \/>\n\u017dEPOH d.o.o.<\/p>\n<p>Na\u0161i elektri\u010dni grija\u010di koriste se u svim granama gospodarstva, uslu\u017enim djelatnostima i doma\u0107instvu.<\/p>\n<p><strong><br \/>\nERIK COMPANY d.o.o.<\/strong> za proizvodnju, trgovinu i usluge<br \/>\nIvanec Bistranski, Orehovec 27, 10290 ZAPRE\u0160I\u0106<br \/>\nOsniva\u010d: Denis Kuni\u0107, Ivanec Bistranski, Orehovec 27, 10290 Zapre\u0161i\u0107<br \/>\n\u010clanovi uprave \u2013 Denis Kuni\u0107, Ivanec Bistranski, Orehovec 27, 10290 Zapre\u0161i\u0107<br \/>\nTrgova\u010dki sud u Zagrebu<br \/>\nMB: 04865588<br \/>\nOIB: 73781832098<br \/>\nMBS: 081151748<br \/>\nTemeljni kapital: 20.000,00 kn upla\u0107en u cjelosti<\/p>\n","protected":false},"excerpt":{"rendered":"<p>Poduze\u0107e ERIK COMPANY d.o.o. je osnovano 2018. godine kao nadogradnja 40-godi\u0161njeg poslovanja obrta ERIK. Prvenstveno se bavimo\u00a0proizvodnjom specijalnih elektri\u010dnih grija\u010da. Osim proizvodnje grija\u010da prema uzorku ili tehni\u010dkoj dokumentaciji nastojimo davati sugestije u tehni\u010dkim rje\u0161enjima prema novim tehnolo\u0161kim dostignu\u0107ima. Dugogodi\u0161njim iskustvom i kvalitetom zadovoljavamo zahtjeve na\u0161ih kupaca. Orijentirani smo na stalne &hellip;<\/p>\n","protected":false},"author":2,"featured_media":0,"parent":0,"menu_order":0,"comment_status":"closed","ping_status":"closed","template":"","meta":{"footnotes":""},"class_list":["post-286","page","type-page","status-publish","hentry"],"_links":{"self":[{"href":"https:\/\/erik.hr\/index.php?rest_route=\/wp\/v2\/pages\/286","targetHints":{"allow":["GET"]}}],"collection":[{"href":"https:\/\/erik.hr\/index.php?rest_route=\/wp\/v2\/pages"}],"about":[{"href":"https:\/\/erik.hr\/index.php?rest_route=\/wp\/v2\/types\/page"}],"author":[{"embeddable":true,"href":"https:\/\/erik.hr\/index.php?rest_route=\/wp\/v2\/users\/2"}],"replies":[{"embeddable":true,"href":"https:\/\/erik.hr\/index.php?rest_route=%2Fwp%2Fv2%2Fcomments&post=286"}],"version-history":[{"count":0,"href":"https:\/\/erik.hr\/index.php?rest_route=\/wp\/v2\/pages\/286\/revisions"}],"wp:attachment":[{"href":"https:\/\/erik.hr\/index.php?rest_route=%2Fwp%2Fv2%2Fmedia&parent=286"}],"curies":[{"name":"wp","href":"https:\/\/api.w.org\/{rel}","templated":true}]}}